d t.
6
Suppose 0 = -m - o + 2*o + 16, 4*m - 60 = 3*o. What is the greatest common factor of m and 12?
12
Suppose -3*g + 2*b = -2*b - 15, 0 = 2*g - 3*b - 11. Suppose -3*y + 165 = 2*y. Let k be (y/(-5))/(g/(-5)). What is the greatest common factor of k and 3?
3
Let d = 3 + -5. Let o be (-2)/(d - 310/(-156)). Suppose 89 = 5*u - o. Calculate the highest common factor of u and 7.
7
Suppose 8*r + 11 = -o + 3*r, -5*r = -5*o + 95. Let s = 10 + o. Let f be 8 - (2 - (2 - 2)). Calculate the highest common factor of f and s.
6
Let n(y) = 3*y**3 - 3*y**2 - y + 3. Let b be n(3). Let d be (-7 - -11)*9/1. What is the greatest common factor of b and d?
18
Let q = -7 - -13. Calculate the highest common factor of 9 and q.
3
Let h = -10 + 25. What is the greatest common factor of 30 and h?
15
Suppose -z - 4*d - 10 = 0, d - 2*d = 4*z - 5. Suppose 0*y = -z*y + 2. Let s be (-2 + y - 0) + 11. Calculate the greatest common factor of 2 and s.
2
Let a = 644 - 385. Let d = a + -126. Calculate the highest common divisor of d and 19.
19
Let a(g) = g + 2. Let w be a(-6). Let y be (2*-1 - w)*-1. Let r be (-3)/(-1)*5 + y. Calculate the greatest common factor of 143 and r.
13
Let t be -36*(-1 - (-6)/9). Suppose 5*o = 2*o + t. Let u(d) = 3*d + 5. Let k be u(5). What is the greatest common divisor of k and o?
4
Suppose 3*d - 306 = -0*f + 3*f, 0 = -d + 3*f + 108. Calculate the highest common factor of 66 and d.
33
Suppose 0 = -3*w + 5 + 49. Let g be 6 + ((-4)/2 - -5). What is the greatest common factor of w and g?
9
Let m be ((-3)/(-3) + 3)/2. Suppose -j - 4*w + 3 = 23, -2*j = -3*w + 40. Let y be (1/m)/((-2)/j). Calculate the greatest common divisor of y and 2.
1
Let n be 152/36 - 2/9. Suppose 0 = -l - 5*g + 14, -n*g = -l - 0*l + 23. Suppose 380 = -4*b + 9*b. What is the highest common factor of l and b?
19
Let s = 47 - 28. Suppose -5*f + 6 = -s. Suppose 5*r + 255 = 5*q, q + 0*r - 31 = f*r. Calculate the highest common factor of q and 8.
8
Let s(o) = 5*o**2. Let a be s(-1). Suppose -c = -5*p + 15, -3*c + 9*p - 4*p = a. Calculate the greatest common factor of 20 and c.
5
Let f be 1*-1 - (-82)/2. Let u be (-8)/(-10)*(3 + 22). Suppose -3 = -2*o - 5*w + 7, -4*w + u = 4*o. What is the highest common divisor of o and f?
5
Suppose -450 = -5*x - 135. Suppose 3*u - 2*u - 2*g - 15 = 0, 0 = u - 5*g - 27. Calculate the highest common divisor of u and x.
7
Let f(y) = -6*y**3 - 5*y**2 + 4*y + 6. Let u be f(-4). Let j = u - 207. Suppose 0 = -4*w + j + 49. Calculate the greatest common factor of 17 and w.
17
Let t = -4 + 3. Let o = 1 - t. Suppose 0 = 5*r + o*b - 37, 0*r - 4*b + 32 = 4*r. Calculate the highest common factor of r and 7.
7
Let y = 6 - -14. Let q(z) = z**2 - z - 9. Let c be q(4). Suppose x + 5*v + 5 = -x, -5 = x + c*v. What is the greatest common divisor of y and x?
10
Let r(j) = 2*j**2 + j + 6. Let o be r(6). Calculate the highest common factor of o and 12.
12
Suppose 0 = 3*w - u - 25, -u + 9 = 4*w - 15. Calculate the greatest common divisor of w and 63.
7
Let r = -124 + 139. What is the highest common divisor of 45 and r?
15
Let w = 26 + 11. Let k = 11 - w. Let b = 44 + k. What is the greatest common factor of b and 144?
18
Let i = 39 - 9. Suppose i = -0*l + 3*l. What is the highest common divisor of l and 50?
10
Let o = -31 - -54. What is the highest common factor of 115 and o?
23
Let v(o) = 336*o. Let w be v(-1). Let c be (12/(-8))/(2/w). What is the highest common divisor of 28 and c?
28
Suppose -1 = -a + 13. Suppose 4*i - a = -2*x + 8, 3*x - 3*i - 15 = 0. What is the highest common factor of x and 7?
7
Suppose 28 = -p + 5*p. Calculate the greatest common factor of 28 and p.
7
Let d = 0 - 0. Suppose q + j + d = 1, 22 = 2*q - 3*j. Suppose q = -i, -2*a + i = -3*a. What is the highest common divisor of 2 and a?
1
Suppose -4*w + 43 = 3*j, j + 4*w + 83 = 4*j. Let g be -2*(4116/(-8))/7. What is the greatest common divisor of j and g?
21
Let x = -9 + 36. Let f(k) = k**2 - 2*k + 3. Suppose 5*a - 16 = 3*o, -5*o = -1 + 11. Let q be f(a). Calculate the highest common divisor of q and x.
3
Let r(z) = z**2 + 5*z + 10. Let j be r(-3). Calculate the highest common divisor of j and 24.
4
Suppose -2*r = 2*r - 40. Suppose -4*n = -r - 6. Calculate the highest common divisor of n and 44.
4
Let a be 1 - -1 - (0 + 1). Let l be -1 + 1*(-4)/a. Let h = l - -8. What is the greatest common factor of 2 and h?
1
Let m be 603/5 - (-2)/5. Let h be (-2)/9 + (-50)/18. Let i(z) = 2*z**2 + 3*z + 2. Let p be i(h). What is the highest common factor of m and p?
11
Suppose -7*r + 176 = r. Calculate the highest common divisor of r and 154.
22
Let s = -22 + 54. Calculate the greatest common divisor of 352 and s.
32
Let r(t) = 7*t - 6. Let u be r(5). Suppose -5*w - d = -u, -4*d = 4*w - 7*w + 22. Calculate the highest common divisor of w and 9.
3
Suppose -2 = -6*q + 70. What is the highest common divisor of 36 and q?
12
Suppose -38 = -3*o + 70. Suppose 3*h + 6 = o. What is the highest common divisor of 70 and h?
10
Suppose 2*f + 0*f = s + 16, -5*f = -2*s - 37. Let w = 9 + s. What is the greatest common factor of w and 12?
3
Let x be ((-24)/(-10))/((-3)/(-10)). Let y(o) be the first derivative of o**2/2 + 3*o + 3. Let w be y(x). What is the greatest common divisor of w and 44?
11
Let q be 30/4 - (-3)/6. Calculate the highest common factor of 1 and q.
1
Suppose -22 = -5*l - 2. Let f be (3/l)/((-3)/(-72)). Calculate the highest common factor of f and 126.
18
Suppose 0*m - 75 = -m. What is the greatest common factor of 15 and m?
15
Let z be (-126)/(-8) - 2/(-8). Suppose 3*n + 1 = 73. What is the greatest common divisor of n and z?
8
Let d(w) = -3*w**3 - w**2 - w + 3. Let o be d(-3). What is the highest common factor of o and 39?
39
Let s = -8 + 12. Let f be (-40)/(-3) - 2/6. Suppose f + 3 = 4*n. Calculate the greatest common factor of n and s.
4
Suppose h - 3*i = -4*i, 5*h + 4*i - 1 = 0. What is the greatest common factor of 1 and h?
1
Let d be ((-2)/4)/(2/(-132)). Suppose -5*t + 21 = -34. Calculate the highest common factor of t and d.
11
Suppose -2*d + 5*z + 9 = -6*d, 6 = -3*d - 3*z. Let m = 5 + d. Let w be ((-2)/m)/(5/(-110)). What is the highest common factor of 1 and w?
1
Let i be (51/(-68))/((-2)/520). Calculate the greatest common divisor of 15 and i.
15
Suppose 4*a - 462 + 102 = 0. What is the highest common divisor of a and 10?
10
Suppose 27 = 5*w - 253. What is the highest common divisor of 28 and w?
28
Let q(f) = f - 8. Let a be q(9). Let w be a*((-2 - -13) + 1). What is the greatest common divisor of 108 and w?
12
Let j(g) = -3*g + 8. Let m be j(-4). What is the greatest common factor of 10 and m?
10
Suppose -5*i + 307 = -i + l, 2*i + 2*l - 152 = 0. What is the highest common factor of i and 22?
11
Let t be (-1)/(0 + 3/(-30)). Suppose 18 = u - t. Calculate the highest common factor of 7 and u.
7
Let b(r) = -11*r - 48. Let j be b(-10). Calculate the highest common factor of 434 and j.
62
Let c(f) = -2*f**2 + 10*f + 7. Let v be c(5). What is the highest common divisor of 63 and v?
7
Suppose -3*o - o + 232 = 0. Suppose -o = 9*a - 11*a. Let j = -19 + a. Calculate the highest common factor of j and 80.
10
Suppose -4 + 0 = -2*z. Let y(a) = 3*a**2 - a - 1. Let r be y(z). Let m be (r/(-6))/(1/(-30)). Calculate the greatest common factor of 9 and m.
9
Let p be 6*(-7)/(21/(-2)). What is the highest common divisor of 36 and p?
4
Suppose -h = -4*z - 12, -4*h = -z + 6*z - 27. What is the highest common divisor of h and 72?
8
Suppose 2*i - i - 10 = 0. Let z = -24 + 54. What is the greatest common factor of z and i?
10
Let d(i) be the first derivative of -i**4/4 - 7*i**3/3 - 5*i**2 - 5*i + 4. Let c be d(-7). Calculate the highest common divisor of c and 26.
13
Let w be 3932/16 - 2/(-8). Let i be 0 - (4 + -11 - -4). Suppose -84 = -i*r + w. Calculate the highest common factor of 10 and r.
10
Let o = 0 + 2. Suppose -o*c = 4*k + 3*c - 167, 3 = c. What is the greatest common factor of k and 19?
19
Suppose t + 6 = 18. Suppose 3*j + 5*y = 262, 229 = 5*j - 4*y - 183. What is the greatest common divisor of j and t?
12
Let t be 3/(-3)*(-18 + 1). What is the greatest common factor of t and 85?
17
Let r = 6 - -98. Let o be 3/9 - 76/(-6). What is the highest common divisor of o and r?
13
Suppose 2*r - 4*w + 20 = 0, w = -3*r - 2*w - 3.